rs of 972337747.
972337747
What are the prime factors of 2889225928?
2, 353, 613, 1669
List the prime factors of 427777127.
47, 263, 34607
What are the prime factors of 45126920?
2, 5, 23, 181, 271
List the prime factors of 142836357.
3, 19, 2505901
What are the prime factors of 15904682?
2, 1913, 4157
List the prime factors of 104217629.
31, 67, 50177
List the prime factors of 1913911837.
23623, 81019
List the prime factors of 165257004.
2, 3, 11, 1251947
What are the prime factors of 587596715?
5, 117519343
List the prime factors of 550008134.
2, 13, 73, 22291
List the prime factors of 974775422.
2, 487387711
What are the prime factors of 832382359?
832382359
What are the prime factors of 183854871?
3, 20428319
What are the prime factors of 1510153710?
2, 3, 5, 13, 47, 82387
What are the prime factors of 98427618?
2, 3, 5468201
What are the prime factors of 508525503?
3, 169508501
List the prime factors of 112349211.
3, 13, 433, 6653
What are the prime factors of 1321177043?
107, 1033, 11953
What are the prime factors of 116644367?
7, 16663481
List the prime factors of 8031156446.
2, 1931, 2079533
What are the prime factors of 60468179?
47, 1286557
What are the prime factors of 817286065?
5, 1861, 87833
What are the prime factors of 24169840?
2, 5, 302123
What are the prime factors of 122161965?
3, 5, 863, 9437
What are the prime factors of 166812805?
5, 41, 813721
What are the prime factors of 326018086?
2, 107, 653, 2333
What are the prime factors of 330352005?
3, 5, 22023467
What are the prime factors of 572475925?
5, 7, 991, 3301
List the prime factors of 8225417696.
2, 257044303
List the prime factors of 4705379545.
5, 19, 191, 259321
List the prime factors of 1535318265.
3, 5, 13, 673, 11699
List the prime factors of 85753036.
2, 1303, 16453
List the prime factors of 61240772.
2, 37, 43, 9623
What are the prime factors of 36990508?
2, 239, 38693
What are the prime factors of 85703368?
2, 10712921
List the prime factors of 262699714.
2, 139, 944963
List the prime factors of 1734017825.
5, 661, 104933
What are the prime factors of 31956697?
43, 743179
List the prime factors of 443142111.
3, 17, 19, 457319
List the prime factors of 168986449.
168986449
List the prime factors of 2129562051.
3, 709854017
List the prime factors of 568118113.
568118113
List the prime factors of 248239164.
2, 3, 20686597
List the prime factors of 6066252444.
2, 3, 7, 191, 378101
List the prime factors of 32130669.
3, 10710223
List the prime factors of 6329044671.
3, 4679, 450883
List the prime factors of 265366281.
3, 439, 201493
What are the prime factors of 1208721574?
2, 41, 2371, 6217
What are the prime factors of 31288387?
13, 2406799
What are the prime factors of 7146210078?
2, 3, 7, 23, 352273
List the prime factors of 22167504.
2, 3, 153941
What are the prime factors of 1923095937?
3, 7, 29, 53, 59581
What are the prime factors of 5086807041?
3, 1695602347
What are the prime factors of 23004983?
1361, 16903
What are the prime factors of 919965115?
5, 17, 29, 373211
List the prime factors of 1154725007.
167, 541, 12781
What are the prime factors of 1172266331?
17, 2677, 25759
What are the prime factors of 106561705?
5, 21312341
What are the prime factors of 4743718855?
5, 948743771
List the prime factors of 4725553069.
43, 109896583
What are the prime factors of 1433564942?
2, 3931, 182341
What are the prime factors of 92137873?
89, 1035257
What are the prime factors of 133324439?
67, 71, 28027
What are the prime factors of 245504888?
2, 17, 43, 41981
What are the prime factors of 559230078?
2, 3, 11, 19, 41, 73, 149
List the prime factors of 538917074.
2, 199, 1354063
List the prime factors of 147345220.
2, 5, 11, 113, 5927
List the prime factors of 1313876530.
2, 5, 3877, 33889
List the prime factors of 5255309880.
2, 3, 5, 14598083
What are the prime factors of 21999935?
5, 4399987
List the prime factors of 2080035077.
2080035077
What are the prime factors of 46000405?
5, 11, 61, 13711
List the prime factors of 3582107859.
3, 11, 17, 97, 65827
List the prime factors of 4548868106.
2, 2274434053
What are the prime factors of 49618894?
2, 13, 83, 22993
What are the prime factors of 37324958?
2, 11, 1696589
What are the prime factors of 50821780?
2, 5, 2541089
List the prime factors of 498155221.
163, 359, 8513
What are the prime factors of 1219505296?
2, 73, 1044097
List the prime factors of 2122923224.
2, 439, 604477
List the prime factors of 1115277267.
3, 13, 2741, 10433
List the prime factors of 806466153.
3, 19, 1429, 9901
List the prime factors of 36056875.
5, 31, 1861
What are the prime factors of 847489864?
2, 13, 359, 22699
List the prime factors of 45946302.
2, 3, 7657717
List the prime factors of 1316248154.
2, 13, 17, 2977937
List the prime factors of 2084049097.
13, 827, 193847
What are the prime factors of 969999112?
2, 121249889
List the prime factors of 73164447.
3, 17, 478199
List the prime factors of 28296562.
2, 7, 2021183
List the prime factors of 921435974.
2, 460717987
What are the prime factors of 291213829?
79, 3686251
What are the prime factors of 17453592?
2, 3, 13, 29, 643
List the prime factors of 1058276710.
2, 5, 1021, 103651
List the prime factors of 99252457.
109, 179, 5087
List the prime factors of 80100379.
17, 439, 10733
What are the prime factors of 409141943?
7, 83, 773, 911
What are the prime factors of 80527300?
2, 5, 7, 17, 67, 101
What are the prime factors of 3224863408?
2, 13, 83, 14369
What are the prime factors of 616850696?
2, 7, 11, 1001381
List the prime factors of 1229739902.
2, 113, 5441327
List the prime factors of 47814481.
11, 13, 113, 269
What are the prime factors of 3005140787?
11, 1987, 137491
List the prime factors of 88722354.
2, 3, 7, 17, 313, 397
What are the prime factors of 4276355562?
2, 3, 53, 4482553
List the prime factors of 144032134.
2, 1667, 43201
List the prime factors of 321539354.
2, 523, 307399
What are the prime factors of 199096960?
2, 5, 113, 2753
What are the prime factors of 2020055?
5, 404011
What are the prime factors of 209677993?
7, 1433, 20903
List the prime factors of 394405067.
7, 164267
List the prime factors of 2178785589.
3, 37, 19628699
List the prime factors of 2807844179.
7, 89, 4506973
What are the prime factors of 198669132?
2, 3, 37, 83, 599
What are the prime factors of 3788297133?
3, 23, 37, 1483861
List the prime factors of 165138257.
165138257
What are the prime factors of 306449046?
2, 3, 43, 281, 1409
List the prime factors of 271329260.
2, 5, 53, 255971
What are the prime factors of 98856587?
6791, 14557
List the prime factors of 1603133569.
19, 84375451
List the prime factors of 352143636.
2, 3, 13, 29, 77839
List the prime factors of 164972828.
2, 17, 587, 4133
List the prime factors of 1543219254.
2, 3, 19, 41, 157, 701
What are the prime factors of 765918558?
2, 3, 283, 50119
List the prime factors of 166753442.
2, 17, 947, 5179
List the prime factors of 92306296.
2, 2339, 4933
List the prime factors of 961170814.
2, 4261, 112787
List the prime factors of 81288732.
2, 3, 7, 41, 23603
List the prime factors of 13564124.
2, 7, 71, 6823
List the prime factors of 133034834.
2, 66517417
What are the prime factors of 45332579?
45332579
What are the prime factors of 495684046?
2, 11, 13, 19, 4801
What are the prime factors of 3608564375?
5, 13, 444131
What are the prime factors of 4803786624?
2, 3, 7, 13, 23, 43, 139
What are the prime factors of 205265407?
205265407
What are the prime factors of 4528461676?
2, 193, 571, 10273
List the prime factors of 949131929.
31, 2819, 10861
List the prime factors of 1783235137.
229, 1987, 3919
List the prime factors of 474801482.
2, 139, 1707919
List the prime factors of 259611878.
2, 129805939
What are the prime factors of 116285?
5, 13, 1789
What are the prime factors of 87671175?
3, 5, 67, 73, 239
List the prime factors of 185462853.
3, 1087, 56873
What are the prime factors of 3436930510?
2, 5, 13, 26437927
What are the prime factors of 42547224?
2, 3, 1772801
What are the prime factors of 56167580?
2, 5, 7, 61, 6577
List the prime factors of 512950353.
3, 19, 167, 53887
List the prime factors of 3876439767.
3, 89, 1009, 14389
What are the prime factors of 1918959?
3, 7, 23, 29, 137
List the prime factors of